its digit of 4676244?
4
What is the units digit of 3163441?
1
What is the thousands digit of 2821304?
1
What is the ten thousands digit of 915894?
1
What is the thousands digit of 303826?
3
What is the hundred thousands digit of 792578?
7
What is the hundreds digit of 1644932?
9
What is the thousands digit of 1719298?
9
What is the thousands digit of 14125710?
5
What is the units digit of 2417159?
9
What is the thousands digit of 8056492?
6
What is the units digit of 1187688?
8
What is the tens digit of 500866?
6
What is the hundred thousands digit of 120861?
1
What is the tens digit of 96581?
8
What is the tens digit of 271355?
5
What is the ten thousands digit of 139005?
3
What is the hundreds digit of 18627?
6
What is the hundred thousands digit of 232430?
2
What is the tens digit of 1148536?
3
What is the tens digit of 158861?
6
What is the ten thousands digit of 1293104?
9
What is the hundreds digit of 3704764?
7
What is the thousands digit of 212384?
2
What is the units digit of 584516?
6
What is the ten thousands digit of 3074496?
7
What is the units digit of 9556930?
0
What is the ten thousands digit of 252155?
5
What is the thousands digit of 571441?
1
What is the tens digit of 34959736?
3
What is the ten thousands digit of 1211188?
1
What is the ten thousands digit of 23547?
2
What is the thousands digit of 218635?
8
What is the tens digit of 344881?
8
What is the thousands digit of 2188?
2
What is the ten thousands digit of 504418?
0
What is the tens digit of 3224424?
2
What is the millions digit of 3488516?
3
What is the ten thousands digit of 43827?
4
What is the hundred thousands digit of 1368299?
3
What is the millions digit of 2205307?
2
What is the hundreds digit of 2058249?
2
What is the hundred thousands digit of 184659?
1
What is the tens digit of 6848802?
0
What is the tens digit of 241814?
1
What is the thousands digit of 658597?
8
What is the tens digit of 443180?
8
What is the millions digit of 3006391?
3
What is the tens digit of 55249?
4
What is the ten thousands digit of 1568862?
6
What is the ten thousands digit of 6482086?
8
What is the millions digit of 22053446?
2
What is the millions digit of 8450519?
8
What is the thousands digit of 20437035?
7
What is the thousands digit of 6114677?
4
What is the ten thousands digit of 30075310?
7
What is the tens digit of 921774?
7
What is the hundred thousands digit of 6531122?
5
What is the hundreds digit of 3791001?
0
What is the ten thousands digit of 2906050?
0
What is the thousands digit of 1074342?
4
What is the hundreds digit of 11801004?
0
What is the ten thousands digit of 574339?
7
What is the ten thousands digit of 408271?
0
What is the tens digit of 125131?
3
What is the hundred thousands digit of 2476472?
4
What is the hundred thousands digit of 3346564?
3
What is the hundreds digit of 201167?
1
What is the hundred thousands digit of 184425?
1
What is the hundreds digit of 12392288?
2
What is the tens digit of 236968?
6
What is the thousands digit of 5896192?
6
What is the thousands digit of 5093160?
3
What is the hundred thousands digit of 536377?
5
What is the tens digit of 299166?
6
What is the ten millions digit of 29313152?
2
What is the thousands digit of 125173?
5
What is the hundreds digit of 468950?
9
What is the thousands digit of 3987078?
7
What is the thousands digit of 626110?
6
What is the hundred thousands digit of 479931?
4
What is the hundred thousands digit of 14367565?
3
What is the hundreds digit of 50089?
0
What is the millions digit of 11695160?
1
What is the tens digit of 91865?
6
What is the tens digit of 1963204?
0
What is the ten thousands digit of 203321?
0
What is the millions digit of 3594753?
3
What is the hundred thousands digit of 1712589?
7
What is the hundreds digit of 794477?
4
What is the tens digit of 534967?
6
What is the tens digit of 5823015?
1
What is the thousands digit of 138627?
8
What is the ten millions digit of 10675221?
1
What is the units digit of 3737205?
5
What is the thousands digit of 208525?
8
What is the hundred thousands digit of 1548995?
5
What is the hundreds digit of 2612362?
3
What is the units digit of 53109?
9
What is the units digit of 1230511?
1
What is the hundreds digit of 265692?
6
What is the thousands digit of 743463?
3
What is the thousands digit of 15495793?
5
What is the tens digit of 10882880?
8
What is the tens digit of 6102583?
8
What is the hundreds digit of 105653?
6
What is the hundreds digit of 4432464?
4
What is the thousands digit of 430127?
0
What is the ten thousands digit of 97457?
9
What is the ten thousands digit of 900096?
0
What is the millions digit of 3785696?
3
What is the thousands digit of 21661?
1
What is the hundred thousands digit of 608381?
6
What is the hundreds digit of 1039106?
1
What is the tens digit of 4730912?
1
What is the tens digit of 767619?
1
What is the tens digit of 13344?
4
What is the hundreds digit of 1223526?
5
What is the tens digit of 7625697?
9
What is the units digit of 2645982?
2
What is the units digit of 503489?
9
What is the hundreds digit of 5947776?
7
What is the units digit of 1641330?
0
What is the hundreds digit of 254649?
6
What is the thousands digit of 5271165?
1
What is the thousands digit of 38267068?
7
What is the ten thousands digit of 2327475?
2
What is the hundred thousands digit of 821990?
8
What is the ten thousands digit of 14972?
1
What is the hundred thousands digit of 18370340?
3
What is the ten thousands digit of 2925398?
2
What is the tens digit of 2244862?
6
What is the ten thousands digit of 274125?
7
What is the tens digit of 233471?
7
What is the units digit of 904063?
3
What is the hundred thousands digit of 2044920?
0
What is the units digit of 542196?
6
What is the thousands digit of 71080?
1
What is the millions digit of 8970994?
8
What is the ten millions digit of 10828942?
1
What is the ten thousands digit of 7676363?
7
What is the hundred thousands digit of 3923924?
9
What is the ten thousands digit of 8563719?
6
What is the thousands digit of 23102486?
2
What is the hundred thousands digit of 5194720?
1
What is the tens digit of 238573?
7
What is the tens digit of 883789?
8
What is the hundred thousands digit of 188673?
1
What is the thousands digit of 1947884?
7
What is the millions digit of 2032126?
2
What is the hundreds digit of 1336611?
6
What is the millions digit of 30658753?
0
What is the units digit of 516916?
6
What is the tens digit of 3008461?
6
What is the tens digit of 563240?
4
What is the units digit of 272047?
7
What is the units digit of 12314596?
6
What is the hundred thousands digit of 368765?
3
What is the units digit of 242818?
8
What is the ten thousands digit of 32393748?
9
What is the ten millions digit of 16842449?
1
What is the tens digit of 80889?
8
What is the units digit of 13193795?
5
What is the ten thousands digit of 148042?
4
What is the thousands digit of 45024?
5
What is the ten thousands digit of 827729?
2
What is the tens digit of 1315651?
5
What is the millions digit of 17087614?
7
What is the tens digit of 5062086?
8
What is the hundreds digit of 32603638?
6
What is the units digit of 512940?
0
What is the units digit of 681861?
1
What is the ten thousands digit of 472844?
7
What is the tens digit of 1182522?
2
What is the thousands digit of 722579?
2
What is the units digit of 133075?
5
What is the hundreds digit of 280996?
9
What is the units digit of 1405606?
6
What is the units digit of 309666?
6
What is the tens digit of 1240023?
2
What is the tens digit of 744448?
4
What is the tens digit of 653746?
4
What is the hundred thousands digit of 198074?
1
What is the thousands digit of 1398588?
8
What is the tens digit of 1837142?
4
What is the hundreds digit of 30198383?
3
What is the units digit of 324677?
7
What is the tens digit of 512031?
3
What is the hundred thousands digit of 1356140?
3
What is the ten thousands digit of 2852005?
5
What is the thousands digit of 10116109?
6
What is the units digit of 171238?
8
What is the millions digit of 2477805?
2
What is the thousands digit of 601411?
1
What is the tens digit of 6606705?
0
What is the ten thousands digit of 855418?
5
What is the hundred thousands digit of 175855?
1
What is the thousands digit of 485145